{"id":584,"date":"2017-10-05T16:04:40","date_gmt":"2017-10-05T15:04:40","guid":{"rendered":"http:\/\/10.196.92.218\/wordpress\/?page_id=584"},"modified":"2024-07-23T12:19:31","modified_gmt":"2024-07-23T11:19:31","slug":"transferencia","status":"publish","type":"page","link":"https:\/\/www.minixmodular.ia.uned.es\/wordpress\/index.php\/inicio\/transferencia\/","title":{"rendered":"Transferencia"},"content":{"rendered":"<h2>Transferencia<\/h2>\n<p>El grupo miniXmodular realiza transferencia de sus investigaciones sobre los materiales mini y modulares, a trav\u00e9s de su <a title=\"Coaching en digitalizaci\u00f3n para docentes\" href=\"https:\/\/informaticaunedblog.wordpress.com\/2016\/10\/10\/coaching-en-digitalizacion-para-docentes\/\" target=\"_blank\" rel=\"noopener\">Coaching en digitalizaci\u00f3n para docentes<\/a>. La transferencia de miniXmodular comprende los siguientes \u00e1mbitos:<\/p>\n<ul class=\"lista_centrada\">\n<li><a class=\"table-cell letras\" href=\"\/wordpress\/index.php\/inicio\/transferencia\/#dentro\" rel=\"m_PageScroll2id\">\u00c1mbito dentro de la UNED<\/a><\/li>\n<li><a class=\"table-cell letras\" href=\"\/wordpress\/index.php\/inicio\/transferencia\/#fuera\" rel=\"m_PageScroll2id\">\u00c1mbito fuera de la UNED<\/a><\/li>\n<li><a class=\"table-cell letras\" href=\"\/wordpress\/index.php\/inicio\/transferencia\/#premios\" rel=\"m_PageScroll2id\">Premios<\/a><\/li>\n<\/ul>\n<div>\n<h3 id=\"dentro\">\u00c1mbito dentro de la UNED<\/h3>\n<ul>\n<li><a href=\"http:\/\/unedabierta.uned.es\/canal-fundacion-once\/\" target=\"_blank\" rel=\"noopener\">Canal Fundaci\u00f3n ONCE<\/a><\/li>\n<li><a href=\"https:\/\/www.uned.es\/universidad\/inicio\/unidad\/IUED.html\">IUED UNED<\/a>.<\/li>\n<li>Editorial UNED.<\/li>\n<li><a href=\"https:\/\/iedra.uned.es\/\">UNED Abierta<\/a>.<\/li>\n<li><a href=\"https:\/\/www.uned.es\/universidad\/inicio\/unidad\/unedmedia.html\">UNED Media<\/a>.<\/li>\n<li>INTECCA.<\/li>\n<li>Oficina de Transferencia de Conocimiento (OTC).<\/li>\n<li><a href=\"https:\/\/blogs.uned.es\/cued\/personal\/\" target=\"_blank\" rel=\"noopener\">CUED<\/a>.<\/li>\n<li>ETSI Inform\u00e1tica UNED: organizaci\u00f3n JITE-2015, 2016 y 2017. <a title=\"P\u00e1gina web del JITE\" href=\"https:\/\/www.uned.es\/universidad\/facultades\/informatica\/bienvenida\/escuela\/jite.html\" target=\"_blank\" rel=\"noopener\">(P\u00e1gina web del JITE)<\/a>.<\/li>\n<\/ul>\n<\/div>\n<h3 id=\"fuera\">\u00c1mbito fuera de la UNED<\/h3>\n<ul>\n<li>Fundaci\u00f3n ONCE.<\/li>\n<li>Centro de Referencia Estatal de Autonom\u00eda Personal y Ayudas T\u00e9cnicas (Ceapat)<\/li>\n<li>Departamentos de otras universidades. <a title=\"P\u00e1gina web del JITE\" href=\"https:\/\/www.youtube.com\/watch?v=CsfoBqv5pc4)\" target=\"_blank\" rel=\"noopener\"> (Por ejemplo, el MDM m\u00e1s visitado es en la UPM)<\/a>.<\/li>\n<li>Escuela de Organizaci\u00f3n Industrial (EOI).<\/li>\n<li>V Congreso del Libro Electr\u00f3nico. <a href=\"https:\/\/youtu.be\/eWkbRkEWMLc?t=24m10s\" target=\"_blank\" rel=\"noopener\">Conferencia invitada (YouTube)<\/a> para optar al premio de mejor proyecto innovador \u00abReimaginando el mundo del libro\u00bb.<\/li>\n<\/ul>\n<h3 id=\"premios\">Premios recibidos<\/h3>\n<ul class=\"nobullet\">\n<!-- NOTE: If you need to make changes to this file, copy it to your current theme's main\n\tdirectory so your changes won't be overwritten when the plugin is upgraded. -->\n\n<!-- Post Wrap Start-->\n<div class=\"post hentry ivycat-post\">\n\t\t<!-- \tThis outputs the post EXCERPT.  To display full content including images and html, \n\t\t\treplace the_excerpt(); with the_content();  below. -->\n\t\t\t\t<div class=\"entry-summary\">\n\t\t<li>\n\t\t\t<details id=\"2021-v-edicion-de-los-premios-uned-santander-de-investigacion-trasferencia-del-conocimiento-y-divulgacion\" class=\"js-details-slug\">\n\t\t\t<summary> <a title=\"Ver m\u00e1s informaci\u00f3n sobre '2021 V Edici\u00f3n de los Premios UNED-Santander de Investigaci\u00f3n, Trasferencia del Conocimiento y Divulgaci\u00f3n'\">2021 V Edici\u00f3n de los Premios UNED-Santander de Investigaci\u00f3n, Trasferencia del Conocimiento y Divulgaci\u00f3n<\/a><\/summary>\n\t\t\t<div class=\"detailed-post\">\n\t\t\t\t<p>Premio a la <a href=\"https:\/\/www2.uned.es\/bici\/Curso2020-2021\/210614\/34-1.htm#5.-_____\" target=\"_blank\" rel=\"noopener\">Transferencia en la V Edici\u00f3n de los Premios UNED-Santander de Investigaci\u00f3n, Trasferencia del Conocimiento y Divulgaci\u00f3n 2021<\/a>, dotado con un importe de 5.000\u20ac.<\/p>\n\t\t\t<\/div>\n\t\t\t<\/details>\n\t\t<\/li>\n\t\t<\/div>\n<\/div>\n<!-- \/\/ Post Wrap End -->\n<script>\ndocument.addEventListener('DOMContentLoaded', function() {\n    \/\/ Funci\u00f3n para abrir el details basado en el hash de la URL\n    function openDetailsFromHash() {\n        var hash = window.location.hash; \/\/ Obtiene el #id de la URL\n        if (hash) {\n            var element = document.querySelector(hash);\n            \/\/ Verificamos que el elemento exista y sea un <details>\n            if (element && element.tagName === 'DETAILS') {\n                element.open = true;\n                \/\/ Opcional: Desplazar suavemente hasta el elemento\n                element.scrollIntoView({ behavior: 'smooth' });\n            }\n        }\n    }\n\n    \/\/ Ejecutar al cargar la p\u00e1gina\n    openDetailsFromHash();\n\n    \/\/ Ejecutar si el hash cambia sin recargar la p\u00e1gina (por si hay un men\u00fa lateral)\n    window.addEventListener('hashchange', openDetailsFromHash);\n});\n<\/script>\n\n<!-- NOTE: If you need to make changes to this file, copy it to your current theme's main\n\tdirectory so your changes won't be overwritten when the plugin is upgraded. -->\n\n<!-- Post Wrap Start-->\n<div class=\"post hentry ivycat-post\">\n\t\t<!-- \tThis outputs the post EXCERPT.  To display full content including images and html, \n\t\t\treplace the_excerpt(); with the_content();  below. -->\n\t\t\t\t<div class=\"entry-summary\">\n\t\t<li>\n\t\t\t<details id=\"2014-outstanding-course-award-of-excellence-ace\" class=\"js-details-slug\">\n\t\t\t<summary> <a title=\"Ver m\u00e1s informaci\u00f3n sobre '2014 Outstanding Course Award of Excellence (ACE)'\">2014 Outstanding Course Award of Excellence (ACE)<\/a><\/summary>\n\t\t\t<div class=\"detailed-post\">\n\t\t\t\t<p>The OCW Consortium ha otorgado el <a target=\"_blank\" href=\"http:\/\/www.oeconsortium.org\/projects\/open-education-awards-for-excellence\/2014-winners-of-ace-awards\/2014-ace-winners-site-course-categories\/\" rel=\"noopener\"> premio 2014 Outstanding Course Award of Excellence (ACE) al curso OCW \u00abMini-v\u00eddeos docentes modulares para dise\u00f1ar un MOOC\u00bb.<\/a><\/p>\n\t\t\t<\/div>\n\t\t\t<\/details>\n\t\t<\/li>\n\t\t<\/div>\n<\/div>\n<!-- \/\/ Post Wrap End -->\n<script>\ndocument.addEventListener('DOMContentLoaded', function() {\n    \/\/ Funci\u00f3n para abrir el details basado en el hash de la URL\n    function openDetailsFromHash() {\n        var hash = window.location.hash; \/\/ Obtiene el #id de la URL\n        if (hash) {\n            var element = document.querySelector(hash);\n            \/\/ Verificamos que el elemento exista y sea un <details>\n            if (element && element.tagName === 'DETAILS') {\n                element.open = true;\n                \/\/ Opcional: Desplazar suavemente hasta el elemento\n                element.scrollIntoView({ behavior: 'smooth' });\n            }\n        }\n    }\n\n    \/\/ Ejecutar al cargar la p\u00e1gina\n    openDetailsFromHash();\n\n    \/\/ Ejecutar si el hash cambia sin recargar la p\u00e1gina (por si hay un men\u00fa lateral)\n    window.addEventListener('hashchange', openDetailsFromHash);\n});\n<\/script>\n\n<!-- NOTE: If you need to make changes to this file, copy it to your current theme's main\n\tdirectory so your changes won't be overwritten when the plugin is upgraded. -->\n\n<!-- Post Wrap Start-->\n<div class=\"post hentry ivycat-post\">\n\t\t<!-- \tThis outputs the post EXCERPT.  To display full content including images and html, \n\t\t\treplace the_excerpt(); with the_content();  below. -->\n\t\t\t\t<div class=\"entry-summary\">\n\t\t<li>\n\t\t\t<details id=\"2013-accesit-a-la-mejor-practica-docente-de-la-uned\" class=\"js-details-slug\">\n\t\t\t<summary> <a title=\"Ver m\u00e1s informaci\u00f3n sobre '2013 Acc\u00e9sit a la mejor pr\u00e1ctica docente de la UNED'\">2013 Acc\u00e9sit a la mejor pr\u00e1ctica docente de la UNED<\/a><\/summary>\n\t\t\t<div class=\"detailed-post\">\n\t\t\t\t<div><img decoding=\"async\" style=\"float: left; width: 15%; margin-right: 2%;\" src=\"\/wordpress\/wp-content\/uploads\/2017\/10\/premioAccesit2013.jpg\" title=\"Entrega de Premios del Consejo Social de la UNED de 2013\" alt=\"Entrega de Premios del Consejo Social de la UNED de 2013\"\/><\/p>\n<p>El Consejo Social de la UNED ha otorgado el <a target=\"_blank\" href=\"http:\/\/portal.uned.es\/portal\/page?_pageid=93,33296343&amp;_dad=portal&amp;_schema=PORTAL\" rel=\"noopener\">acc\u00e9sit a la mejor pr\u00e1ctica docente de la UNED en 2013<\/a> por el MOOC \u00abMini-v\u00eddeos docentes modulares: un elemento cr\u00edtico en el dise\u00f1o de un MOOC\u00bb.<\/p>\n<\/div>\n<p style=\"clear:both;\">\n\t\t\t<\/div>\n\t\t\t<\/details>\n\t\t<\/li>\n\t\t<\/div>\n<\/div>\n<!-- \/\/ Post Wrap End -->\n<script>\ndocument.addEventListener('DOMContentLoaded', function() {\n    \/\/ Funci\u00f3n para abrir el details basado en el hash de la URL\n    function openDetailsFromHash() {\n        var hash = window.location.hash; \/\/ Obtiene el #id de la URL\n        if (hash) {\n            var element = document.querySelector(hash);\n            \/\/ Verificamos que el elemento exista y sea un <details>\n            if (element && element.tagName === 'DETAILS') {\n                element.open = true;\n                \/\/ Opcional: Desplazar suavemente hasta el elemento\n                element.scrollIntoView({ behavior: 'smooth' });\n            }\n        }\n    }\n\n    \/\/ Ejecutar al cargar la p\u00e1gina\n    openDetailsFromHash();\n\n    \/\/ Ejecutar si el hash cambia sin recargar la p\u00e1gina (por si hay un men\u00fa lateral)\n    window.addEventListener('hashchange', openDetailsFromHash);\n});\n<\/script>\n\n<!-- NOTE: If you need to make changes to this file, copy it to your current theme's main\n\tdirectory so your changes won't be overwritten when the plugin is upgraded. -->\n\n<!-- Post Wrap Start-->\n<div class=\"post hentry ivycat-post\">\n\t\t<!-- \tThis outputs the post EXCERPT.  To display full content including images and html, \n\t\t\treplace the_excerpt(); with the_content();  below. -->\n\t\t\t\t<div class=\"entry-summary\">\n\t\t<li>\n\t\t\t<details id=\"2013-premio-mejor-practica-docente-de-la-uned\" class=\"js-details-slug\">\n\t\t\t<summary> <a title=\"Ver m\u00e1s informaci\u00f3n sobre '2013 Premio Mejor pr\u00e1ctica docente de la UNED'\">2013 Premio Mejor pr\u00e1ctica docente de la UNED<\/a><\/summary>\n\t\t\t<div class=\"detailed-post\">\n\t\t\t\t<p>El Consejo Social de la UNED otorg\u00f3 el premio a la mejor pr\u00e1ctica docente de la UNED en 2013 con 7000 euros al material de \u201cIngenier\u00eda de factores humanos\u201d (C. Finat, J.G. Boticario, E. Guti\u00e9rrez-Restrepo, E. Let\u00f3n, A. Prior, A. Rodriguez-Ascaso).<\/p>\n\t\t\t<\/div>\n\t\t\t<\/details>\n\t\t<\/li>\n\t\t<\/div>\n<\/div>\n<!-- \/\/ Post Wrap End -->\n<script>\ndocument.addEventListener('DOMContentLoaded', function() {\n    \/\/ Funci\u00f3n para abrir el details basado en el hash de la URL\n    function openDetailsFromHash() {\n        var hash = window.location.hash; \/\/ Obtiene el #id de la URL\n        if (hash) {\n            var element = document.querySelector(hash);\n            \/\/ Verificamos que el elemento exista y sea un <details>\n            if (element && element.tagName === 'DETAILS') {\n                element.open = true;\n                \/\/ Opcional: Desplazar suavemente hasta el elemento\n                element.scrollIntoView({ behavior: 'smooth' });\n            }\n        }\n    }\n\n    \/\/ Ejecutar al cargar la p\u00e1gina\n    openDetailsFromHash();\n\n    \/\/ Ejecutar si el hash cambia sin recargar la p\u00e1gina (por si hay un men\u00fa lateral)\n    window.addEventListener('hashchange', openDetailsFromHash);\n});\n<\/script>\n\n<!-- NOTE: If you need to make changes to this file, copy it to your current theme's main\n\tdirectory so your changes won't be overwritten when the plugin is upgraded. -->\n\n<!-- Post Wrap Start-->\n<div class=\"post hentry ivycat-post\">\n\t\t<!-- \tThis outputs the post EXCERPT.  To display full content including images and html, \n\t\t\treplace the_excerpt(); with the_content();  below. -->\n\t\t\t\t<div class=\"entry-summary\">\n\t\t<li>\n\t\t\t<details id=\"2011-mejor-red-de-innovacion-docente-de-la-uned\" class=\"js-details-slug\">\n\t\t\t<summary> <a title=\"Ver m\u00e1s informaci\u00f3n sobre '2011 Mejor red de innovaci\u00f3n docente de la UNED'\">2011 Mejor red de innovaci\u00f3n docente de la UNED<\/a><\/summary>\n\t\t\t<div class=\"detailed-post\">\n\t\t\t\t<div><img decoding=\"async\" style=\"float: left; width: 15%; margin-right: 2%;\" src=\"\/wordpress\/wp-content\/uploads\/2017\/10\/premioRedes2011.jpg\" alt=\"Entrega de Premios del Consejo Social de la UNED de 2011\" title=\"Entrega de Premios del Consejo Social de la UNED de 2011\" \/><\/p>\n<p>Se ha obtenido el <a target=\"_blank\" href=\"http:\/\/portal.uned.es\/portal\/page?_pageid=93,25157153&#038;_dad=portal&#038;_schema=PORTAL\" rel=\"noopener\">premio a la mejor red de innovaci\u00f3n docente, concedido por la UNED en 2011<\/a> a la red \u00abMini-v\u00eddeos modulares con pizarra electr\u00f3nica para la educaci\u00f3n a distancia de materias cient\u00edfico t\u00e9cnicas\u00bb, en la <a target=\"_blank\" href=\"http:\/\/teleuned.uned.es\/teleuned2001\/directo.asp?ID=5646&amp;Tipo=C\" rel=\"noopener\">entrega de Premios del Consejo Social (minuto 23 de la ceremonia)<\/a>.<\/p>\n<\/div>\n<p style=\"clear:both\">\n\t\t\t<\/div>\n\t\t\t<\/details>\n\t\t<\/li>\n\t\t<\/div>\n<\/div>\n<!-- \/\/ Post Wrap End -->\n<script>\ndocument.addEventListener('DOMContentLoaded', function() {\n    \/\/ Funci\u00f3n para abrir el details basado en el hash de la URL\n    function openDetailsFromHash() {\n        var hash = window.location.hash; \/\/ Obtiene el #id de la URL\n        if (hash) {\n            var element = document.querySelector(hash);\n            \/\/ Verificamos que el elemento exista y sea un <details>\n            if (element && element.tagName === 'DETAILS') {\n                element.open = true;\n                \/\/ Opcional: Desplazar suavemente hasta el elemento\n                element.scrollIntoView({ behavior: 'smooth' });\n            }\n        }\n    }\n\n    \/\/ Ejecutar al cargar la p\u00e1gina\n    openDetailsFromHash();\n\n    \/\/ Ejecutar si el hash cambia sin recargar la p\u00e1gina (por si hay un men\u00fa lateral)\n    window.addEventListener('hashchange', openDetailsFromHash);\n});\n<\/script>\n<\/ul>\n","protected":false},"excerpt":{"rendered":"<p>Transferencia El grupo miniXmodular realiza transferencia de sus investigaciones sobre los materiales mini y modulares, a trav\u00e9s de su Coaching en digitalizaci\u00f3n para docentes. La transferencia de miniXmodular comprende los siguientes \u00e1mbitos: \u00c1mbito dentro de la UNED \u00c1mbito fuera de la UNED Premios \u00c1mbito dentro de la UNED Canal Fundaci\u00f3n ONCE IUED UNED. Editorial UNED.<\/p>\n<p class=\"more-link\"><a title=\"Leer m\u00e1s\" href=\"https:\/\/www.minixmodular.ia.uned.es\/wordpress\/index.php\/2011\/10\/17\/2011-mejor-red-de-innovacion-docente-de-la-uned\/\" class=\"btn btn-primary btn-sm\">Leer m\u00e1s<\/a><\/p>\n","protected":false},"author":1,"featured_media":0,"parent":42,"menu_order":3,"comment_status":"closed","ping_status":"closed","template":"","meta":{"footnotes":""},"class_list":["post-584","page","type-page","status-publish","hentry"],"jetpack_shortlink":"https:\/\/wp.me\/P9hQY2-9q","jetpack_sharing_enabled":true,"_links":{"self":[{"href":"https:\/\/www.minixmodular.ia.uned.es\/wordpress\/index.php\/wp-json\/wp\/v2\/pages\/584","targetHints":{"allow":["GET"]}}],"collection":[{"href":"https:\/\/www.minixmodular.ia.uned.es\/wordpress\/index.php\/wp-json\/wp\/v2\/pages"}],"about":[{"href":"https:\/\/www.minixmodular.ia.uned.es\/wordpress\/index.php\/wp-json\/wp\/v2\/types\/page"}],"author":[{"embeddable":true,"href":"https:\/\/www.minixmodular.ia.uned.es\/wordpress\/index.php\/wp-json\/wp\/v2\/users\/1"}],"replies":[{"embeddable":true,"href":"https:\/\/www.minixmodular.ia.uned.es\/wordpress\/index.php\/wp-json\/wp\/v2\/comments?post=584"}],"version-history":[{"count":23,"href":"https:\/\/www.minixmodular.ia.uned.es\/wordpress\/index.php\/wp-json\/wp\/v2\/pages\/584\/revisions"}],"predecessor-version":[{"id":2048,"href":"https:\/\/www.minixmodular.ia.uned.es\/wordpress\/index.php\/wp-json\/wp\/v2\/pages\/584\/revisions\/2048"}],"up":[{"embeddable":true,"href":"https:\/\/www.minixmodular.ia.uned.es\/wordpress\/index.php\/wp-json\/wp\/v2\/pages\/42"}],"wp:attachment":[{"href":"https:\/\/www.minixmodular.ia.uned.es\/wordpress\/index.php\/wp-json\/wp\/v2\/media?parent=584"}],"curies":[{"name":"wp","href":"https:\/\/api.w.org\/{rel}","templated":true}]}}